 7*k - 2. Let v be g(-5). Suppose -43 = -5*h - v. Let a(t) = -t**3 + 8*t**2 - 7*t - 2. List the prime factors of a(h).
2, 7
Suppose -36*g + 60*g - 61968 = 0. List the prime factors of g.
2, 1291
Let l = 66 + 1663. List the prime factors of l.
7, 13, 19
Let k be 20 - (5 + -5) - -1. What are the prime factors of 6507/k - (-1)/7?
2, 5, 31
Suppose -4*r + 2*r = 4*z - 820, 0 = -5*r - z + 2086. List the prime factors of r.
2, 11, 19
Suppose 4*a + 5*z - 19 = 12, 0 = -a + 5*z + 39. Let g = 44 + a. What are the prime factors of g?
2, 29
Let l be (0 - 48)/(6/(-4)). Suppose -10 = -r + l. Suppose 4*m - 4*s = m + 31, 5*s = -m + r. List the prime factors of m.
17
What are the prime factors of -15*1/(-15) - -1*3180?
3181
What are the prime factors of ((-45)/(-6))/((-18)/(-1812))?
5, 151
Let z be 6*(-3)/(-11 + 5). Suppose 0 = z*u - 1034 + 137. List the prime factors of u.
13, 23
Suppose 2*y - 2085 = -x - 0*x, 2*y = 2*x + 2082. List the prime factors of y.
2, 521
List the prime factors of (-2)/(-3)*(-1062)/12*-5.
5, 59
Let n(w) = -2*w**2 - 10*w - 1. Let t be n(5). Let i = -48 - t. What are the prime factors of i?
53
Suppose -2*f = 3*c - 5*f - 24, 5*c + f - 64 = 0. Let l(a) = -a**3 + 12*a**2 + 4. Let g be l(c). List the prime factors of 51 + 9/((-9)/g).
47
Let f = 4 - 24. What are the prime factors of (f/16)/((-2)/16)?
2, 5
What are the prime factors of (-7 - -4)/(3/(-607))?
607
Let a(i) = 5*i + 7. Let r be a(-7). Let b = 1 - r. Suppose -b = -3*o + 3*d - d, -3*d = -2*o + 26. List the prime factors of o.
7
Suppose 3*l - 3981 = 708. What are the prime factors of l?
3, 521
Suppose -3*b + 2*y + 5040 - 553 = 0, 3*y + 2988 = 2*b. List the prime factors of b.
3, 499
List the prime factors of (937/(-3)*1)/((-11)/33).
937
Let m(o) = -o**2 - 12*o - 27. Let x be m(-9). List the prime factors of (204/(4 - x))/((-6)/(-4)).
2, 17
What are the prime factors of 3742/6 - 6/9?
7, 89
Suppose -3*g - 50 = -2*t, 4*g - 3*t + 70 = -t. What are the prime factors of (108/10)/(g/(-50))?
3
Suppose 3*s - 8 - 208 = 0. Let g = -42 + s. List the prime factors of g.
2, 3, 5
Let d(v) = 6*v + 36. Let z be d(-6). Suppose 2*i - 4*w - 238 = z, -2*i - 6*w + 3*w + 252 = 0. What are the prime factors of i?
3, 41
Let i(j) = j**2 - 26*j + 25. Let h be i(25). Let f(s) = 6*s + 49. List the prime factors of f(h).
7
Let a = -38 + 53. Let j be (1/3)/(1/a). Suppose -4*w + 2*p - j*p = -164, 18 = w - 5*p. List the prime factors of w.
2, 19
Let c(u) = u**2 - 5*u + 4. Let y = 5 + 0. Let m be c(y). Suppose m*k - 173 = -1. What are the prime factors of k?
43
Let l = 11 - 14. Let c(f) = f**2 + 3*f. Let d be c(l). Suppose 3*x + x - 148 = d. What are the prime factors of x?
37
Suppose 8318 = 5*r + 4*c - 8678, -4*c - 4 = 0. What are the prime factors of r?
2, 5, 17
Let z(m) be the second derivative of 7*m**5/40 + m**4/24 + 5*m**3/6 - 2*m. Let n(d) be the second derivative of z(d). What are the prime factors of n(1)?
2, 11
Let t(r) = -r**3 - 10*r**2 - 6*r - 1. Let a = -23 - -13. Let b be t(a). Let h = b - 30. List the prime factors of h.
29
Let j = 1938 + -1263. List the prime factors of j.
3, 5
Suppose a - 2*q - 31 = 0, -a - 71 = -3*a + q. Let p(x) = -x**3 - 2*x + 2. Let i be p(0). Let b = i + a. What are the prime factors of b?
3, 13
Let z(p) = -p**3 + 2*p**2 + 6*p - 4. Let w be z(3). Suppose 3*u + w*l - 174 = 0, 0 = 4*u - 5*l + 3*l - 258. What are the prime factors of u?
3, 7
Suppose -2 = -9*u + 7*u. Suppose -g - u = 6. Let p(v) = v**2 + 8*v + 14. What are the prime factors of p(g)?
7
Let g(x) be the second derivative of x + 1/6*x**4 + 7/2*x**2 + 0 - 5/3*x**3. What are the prime factors of g(7)?
5, 7
Let p(q) = 2*q + 56. Let m be 3 + 685/(-35) + 6/(-14). What are the prime factors of p(m)?
2, 11
Let a = -66 - -354. What are the prime factors of a?
2, 3
Let t = -195 - -509. Let r = -213 + t. List the prime factors of r.
101
Let w(q) = q**3 + 7*q**2 + 5*q - 4. Suppose 0 = 3*y - 6*y. Suppose 5*m = 4*k - 25, -2*k = -y*m - 5*m - 25. List the prime factors of w(m).
3, 7
Let n(i) be the first derivative of 19*i**2/2 - i + 4. Let t be n(1). Suppose -2*s + 3*b - t = -3*s, 2*b = 4*s - 30. List the prime factors of s.
3
Suppose 921*i + 975 = 926*i. List the prime factors of i.
3, 5, 13
Let x(o) = -5*o**3 + 2*o**2 - 7*o + 12. List the prime factors of x(-5).
2, 19
Suppose s + 3*z = 19, 3*z - 40 = -2*s - z. Let w be (-58)/5 + ((-10)/25 - -1). Let d = w + s. List the prime factors of d.
11
Suppose -7 = 4*u + 5*v, 2*v + 6 = -u - u. Let h be 8*2*2/u. Let n(k) = 2*k**2 + 7*k + 4. What are the prime factors of n(h)?
2
Let o be ((-54)/15)/((-3)/15). Let v = o - 7. List the prime factors of -1 + 30 + v + -14.
2, 13
List the prime factors of (-64029)/(-147) + (-4)/7.
3, 5, 29
Suppose -b + 17*o = 15*o - 1427, 5*o + 1421 = b. List the prime factors of b.
3, 53
Let b(u) = 428*u + 3. What are the prime factors of b(1)?
431
Suppose 4*w - 2*m = 2792, -5*w + 7*m - 6*m + 3493 = 0. What are the prime factors of w?
3, 233
Let s be 2 - ((-5)/((-15)/12) + -4). Suppose -l = -2*g + 390, -s*g - l = -g - 192. What are the prime factors of g?
2, 97
Let y = 112 + 349. List the prime factors of y.
461
Let y = 11827 - 7831. List the prime factors of y.
2, 3, 37
List the prime factors of -2*10/((-40)/3522).
3, 587
Let w = 2629 + -1379. List the prime factors of w.
2, 5
Suppose 3*i + i + 3*c = 328, -2*i + 164 = 5*c. Suppose 3*r + 2*f - i = f, 2*f = 5*r - 144. List the prime factors of r.
2, 7
What are the prime factors of (-10 + 504/60)/((-2)/4555)?
2, 911
Let l be 5/(-2)*(-30)/(-25). Let d(y) = y**2 + y - 3. Let f be d(l). Suppose -2*z = f*b - 51, -2*z + 3*b + 21 = -0*b. List the prime factors of z.
2, 3
Let v = 1078 - 712. List the prime factors of v.
2, 3, 61
Let o = -10 - -12. Suppose q + o*g + 30 = 6*q, 0 = g. Let j(n) = 11*n - 5. List the prime factors of j(q).
61
Let c(v) = -v**3 + 8*v**2 - 8*v - 20. Let u be c(6). Let p(s) = 17*s**2 - s - 6. What are the prime factors of p(u)?
2, 131
Let j = 2364 + -1589. What are the prime factors of j?
5, 31
Suppose 9*l + 0*l - 63 = 0. Suppose -79 = -r - l. What are the prime factors of r?
2, 3
What are the prime factors of 500 + 1 + (-1 - 4 - -10)?
2, 11, 23
Let m = 213 + 278. List the prime factors of m.
491
Let w be 1 - (3/(-3) + -2). Suppose -468 = -w*r + r. Suppose 0 = 3*u - 6, -3*q + 4*u = q - r. List the prime factors of q.
41
Let z(j) = -3*j**2 + 25*j + 3. Let n(p) = p**2 - 12*p - 2. Let i(k) = -11*n(k) - 6*z(k). List the prime factors of i(7).
13, 17
Suppose 0 = 5*y + 4*j - 3111, 3*y - 514 - 1354 = -j. List the prime factors of y.
7, 89
What are the prime factors of (64/(-3))/(18/(-351))?
2, 13
Let v(j) = 5*j - 7. Suppose -3*s = 4*f, 5*f + 4*s - 19 = 5*s. Suppose f*m = -3, 1 = 3*h + 5*m - 9. List the prime factors of v(h).
2, 3
What are the prime factors of 4719/18 - (-6)/(-36)?
2, 131
Suppose 8 = 3*n - n. Let h(x) = x**2 - 5*x + 4. Let p(a) = -a**2 - a - 1. Let s(r) = h(r) - p(r). What are the prime factors of s(n)?
3, 7
Let u = 461 - 122. What are the prime factors of u?
3, 113
Suppose -5*d + 3*x + 5 = 0, x + 0*x = 5. Suppose -4*q + 360 = d*k - 2*q, -3*k - q + 272 = 0. What are the prime factors of k?
2, 23
Let y(m) be the second derivative of 5*m**4/6 - m**3/6 - 31*m. Let f = 1 + -2. What are the prime factors of y(f)?
11
Let y(k) = -5*k - 3. Let d be y(-3). Suppose -d*q + 67 = -11*q. List the prime factors of q.
67
Let f = 9 - -2. Let y = 11 - f. Suppose 2*n - 40 = 4*p, -2*n = -y*n - 2*p - 36. List the prime factors of n.
2
Suppose 10*p = 328 + 542. Suppose 682 - p = 7*l. List the prime factors of l.
5, 17
Let a(q) = -11*q + 4. Let l be a(-5). Let k = l + -22. What are the prime factors of k?
37
Suppose -g = 3*d + 11 - 1, 0 = -d + g + 2. Let x be ((-3)/d)/(21/28). Suppose x*a - a = 31. What are the prime factors of a?
31
List the prime factors of (-159 + 1)/(-2*(-2)/(-32)).
2, 79
Let h be ((-68)/(-5))/(1/10). Suppose 0 = -4*q + h + 48. Let i = q + -8. List the prime factors of i.
2, 19
Let k(m) = -m**2 + 18*m + 5. Let x be k(18). List the prime factors of 42/(-70) + 1373/x.
2, 137
Let z = -56 - -57. What are the prime factors of (224/40)/(z/15)?
2, 3, 7
Let k(a) = -a**3 - 16*a**2 + 13*a + 1. Let q(r) = r**3 + 16*r**2 - 13*r - 1. Let c(p) = -6*k(p) - 7*q(p). List the prime factors of c(-17).
3, 23
Le